{"id":2591,"date":"2020-10-18T19:20:18","date_gmt":"2020-10-18T17:20:18","guid":{"rendered":"https:\/\/www.lux-editions.fr\/AFE2020\/?post_type=product&#038;p=2591"},"modified":"2025-11-25T10:18:14","modified_gmt":"2025-11-25T09:18:14","slug":"membre-associe","status":"publish","type":"product","link":"https:\/\/www.afe-eclairage.fr\/?product=membre-associe","title":{"rendered":"Membre associ\u00e9"},"content":{"rendered":"","protected":false},"excerpt":{"rendered":"<p><span id=\"page6R_mcid151\" class=\"markedContent\"><span dir=\"ltr\" role=\"presentation\">Avantages<\/span> <span dir=\"ltr\" role=\"presentation\">des membres associ\u00e9s de l\u2019AFE<\/span> <span dir=\"ltr\" role=\"presentation\">:<\/span><\/span><span id=\"page6R_mcid152\" class=\"markedContent\"><br role=\"presentation\" \/><\/span><\/p>\n<ul>\n<li><span id=\"page6R_mcid152\" class=\"markedContent\"><span dir=\"ltr\" role=\"presentation\">Repr\u00e9sentation active \u00e0 l\u2019AFNOR<\/span><\/span><span id=\"page6R_mcid153\" class=\"markedContent\"><\/span><\/li>\n<li><span id=\"page6R_mcid153\" class=\"markedContent\"><span dir=\"ltr\" role=\"presentation\">Visibilit\u00e9 d\u00e9di\u00e9e sur la communication de l\u2019AFE (site Internet, \u00e9v\u00e9nements&#8230;)<\/span><\/span><span id=\"page6R_mcid154\" class=\"markedContent\"><\/span><\/li>\n<li><span id=\"page6R_mcid154\" class=\"markedContent\"><span dir=\"ltr\" role=\"presentation\">Participation active et gratuite aux travaux et<\/span> <span dir=\"ltr\" role=\"presentation\">\u00e9v\u00e9nements de l\u2019Association<\/span><\/span><span id=\"page6R_mcid155\" class=\"markedContent\"><\/span><\/li>\n<li><span id=\"page6R_mcid155\" class=\"markedContent\"><span dir=\"ltr\" role=\"presentation\">Abonnement gratuit \u00e0 la Revue Lux<\/span><\/span><span id=\"page6R_mcid156\" class=\"markedContent\"><\/span><\/li>\n<li><span id=\"page6R_mcid156\" class=\"markedContent\"><span dir=\"ltr\" role=\"presentation\">Tarifs privil\u00e9gi\u00e9s sur les manifestations organis\u00e9es par E-afe<\/span><\/span><span id=\"page6R_mcid157\" class=\"markedContent\"><\/span><\/li>\n<li><span id=\"page6R_mcid157\" class=\"markedContent\"><span dir=\"ltr\" role=\"presentation\">Un exemplaire gratuit des publications de la soci\u00e9t\u00e9<\/span><\/span><\/li>\n<\/ul>\n<p><em><span id=\"page6R_mcid158\" class=\"markedContent\"><span dir=\"ltr\" role=\"presentation\">Pour plus de renseignements, contactez l\u2019AFE<\/span><\/span><\/em><\/p>\n","protected":false},"featured_media":4162,"template":"","meta":[],"product_cat":[221],"product_tag":[],"_links":{"self":[{"href":"https:\/\/www.afe-eclairage.fr\/index.php?rest_route=\/wp\/v2\/product\/2591"}],"collection":[{"href":"https:\/\/www.afe-eclairage.fr\/index.php?rest_route=\/wp\/v2\/product"}],"about":[{"href":"https:\/\/www.afe-eclairage.fr\/index.php?rest_route=\/wp\/v2\/types\/product"}],"wp:featuredmedia":[{"embeddable":true,"href":"https:\/\/www.afe-eclairage.fr\/index.php?rest_route=\/wp\/v2\/media\/4162"}],"wp:attachment":[{"href":"https:\/\/www.afe-eclairage.fr\/index.php?rest_route=%2Fwp%2Fv2%2Fmedia&parent=2591"}],"wp:term":[{"taxonomy":"product_cat","embeddable":true,"href":"https:\/\/www.afe-eclairage.fr\/index.php?rest_route=%2Fwp%2Fv2%2Fproduct_cat&post=2591"},{"taxonomy":"product_tag","embeddable":true,"href":"https:\/\/www.afe-eclairage.fr\/index.php?rest_route=%2Fwp%2Fv2%2Fproduct_tag&post=2591"}],"curies":[{"name":"wp","href":"https:\/\/api.w.org\/{rel}","templated":true}]}}